983.
102983
List the prime factors of 19654494.
2, 3, 3275749
List the prime factors of 581151.
3, 307, 631
List the prime factors of 167635.
5, 13, 2579
What are the prime factors of 117825?
3, 5, 1571
What are the prime factors of 19093?
61, 313
List the prime factors of 212542.
2, 11, 9661
What are the prime factors of 4111185?
3, 5, 13, 29, 727
List the prime factors of 1137784.
2, 142223
List the prime factors of 1367107.
7, 19, 541
List the prime factors of 5268978.
2, 3, 11, 13, 23, 89
List the prime factors of 167803.
31, 5413
What are the prime factors of 761121?
3, 19, 4451
What are the prime factors of 1492333?
151, 9883
What are the prime factors of 3007354?
2, 7, 214811
What are the prime factors of 21571738?
2, 10785869
List the prime factors of 669078.
2, 3, 37171
List the prime factors of 1704288.
2, 3, 41, 433
What are the prime factors of 149489?
149489
List the prime factors of 1363150.
2, 5, 137, 199
What are the prime factors of 1759925?
5, 17, 41, 101
List the prime factors of 1915.
5, 383
What are the prime factors of 56786?
2, 28393
List the prime factors of 106208.
2, 3319
What are the prime factors of 1523353?
13, 17, 61, 113
List the prime factors of 3740103.
3, 415567
List the prime factors of 1395150.
2, 3, 5, 71, 131
What are the prime factors of 3086569?
19, 162451
List the prime factors of 475676.
2, 109, 1091
List the prime factors of 858958.
2, 23, 71, 263
What are the prime factors of 11497271?
59, 194869
List the prime factors of 54034.
2, 27017
What are the prime factors of 41352674?
2, 11, 223, 8429
What are the prime factors of 498798?
2, 3, 3079
List the prime factors of 704524.
2, 89, 1979
What are the prime factors of 189986?
2, 94993
What are the prime factors of 253122?
2, 3, 42187
What are the prime factors of 385544?
2, 48193
What are the prime factors of 2604801?
3, 868267
List the prime factors of 1266635.
5, 19, 67, 199
List the prime factors of 3635917.
89, 40853
List the prime factors of 2068749.
3, 53, 4337
List the prime factors of 23549684.
2, 5887421
What are the prime factors of 14226481?
61, 233221
What are the prime factors of 17056?
2, 13, 41
What are the prime factors of 322448?
2, 7, 2879
List the prime factors of 23925054.
2, 3, 61, 131, 499
List the prime factors of 12571200.
2, 3, 5, 97
What are the prime factors of 486561?
3, 79, 2053
What are the prime factors of 1607933?
67, 103, 233
What are the prime factors of 9566373?
3, 3188791
List the prime factors of 295669.
11, 26879
List the prime factors of 15637.
19, 823
What are the prime factors of 15810319?
7, 2258617
List the prime factors of 1093323.
3, 7, 11, 4733
What are the prime factors of 6921962?
2, 3460981
What are the prime factors of 565350?
2, 3, 5, 3769
What are the prime factors of 1505185?
5, 11, 27367
List the prime factors of 2105703.
3, 167, 467
List the prime factors of 28519897.
7, 17, 443, 541
List the prime factors of 119127.
3, 39709
What are the prime factors of 29200?
2, 5, 73
What are the prime factors of 3634180?
2, 5, 11, 16519
What are the prime factors of 428640?
2, 3, 5, 19, 47
List the prime factors of 2077913.
2077913
What are the prime factors of 1555170?
2, 3, 5, 51839
What are the prime factors of 184102?
2, 92051
What are the prime factors of 93444?
2, 3, 13, 599
List the prime factors of 534709.
7, 76387
What are the prime factors of 1930329?
3, 214481
What are the prime factors of 1482405?
3, 5, 37, 2671
List the prime factors of 13881661.
661, 21001
What are the prime factors of 28308?
2, 3, 7, 337
What are the prime factors of 3320003?
19, 174737
What are the prime factors of 43680?
2, 3, 5, 7, 13
What are the prime factors of 549475?
5, 31, 709
List the prime factors of 678825.
3, 5, 7, 431
List the prime factors of 28632849.
3, 7, 1363469
What are the prime factors of 689580?
2, 3, 5, 1277
What are the prime factors of 173472?
2, 3, 13, 139
List the prime factors of 20869026.
2, 3, 67, 51913
List the prime factors of 777051.
3, 11, 47, 167
What are the prime factors of 65933?
7, 9419
List the prime factors of 27840467.
27840467
What are the prime factors of 393312?
2, 3, 17, 241
What are the prime factors of 2235742?
2, 43, 25997
What are the prime factors of 492868?
2, 123217
What are the prime factors of 47295?
3, 5, 1051
List the prime factors of 1438485.
3, 5, 41, 2339
List the prime factors of 9192137.
9192137
What are the prime factors of 5400828?
2, 3, 71, 2113
List the prime factors of 1346067.
3, 149563
What are the prime factors of 12947626?
2, 19, 79, 227
What are the prime factors of 8159437?
11, 13, 57059
What are the prime factors of 202450?
2, 5, 4049
What are the prime factors of 3065366?
2, 293, 5231
List the prime factors of 988612.
2, 89, 2777
What are the prime factors of 110995?
5, 79, 281
What are the prime factors of 1011554?
2, 505777
List the prime factors of 3958625.
5, 11, 2879
What are the prime factors of 313657?
83, 3779
List the prime factors of 2482922.
2, 13, 29, 37, 89
What are the prime factors of 4473231?
3, 7, 293, 727
What are the prime factors of 2824860?
2, 3, 5, 23, 89
What are the prime factors of 466898?
2, 47, 4967
List the prime factors of 2372246.
2, 499, 2377
What are the prime factors of 2679998?
2, 53, 131, 193
List the prime factors of 15358912.
2, 43, 5581
List the prime factors of 113431.
67, 1693
What are the prime factors of 146476?
2, 11, 3329
List the prime factors of 16951673.
16951673
What are the prime factors of 416805?
3, 5, 37, 751
What are the prime factors of 2174960?
2, 5, 31, 877
List the prime factors of 16737047.
107, 156421
What are the prime factors of 3605458?
2, 41, 43969
List the prime factors of 154178.
2, 127, 607
List the prime factors of 498228.
2, 3, 41519
What are the prime factors of 478253?
478253
List the prime factors of 2622641.
7, 17, 22039
List the prime factors of 2682529.
29, 233, 397
What are the prime factors of 1061805?
3, 5, 71, 997
What are the prime factors of 1141580?
2, 5, 11, 5189
List the prime factors of 5001772.
2, 1250443
What are the prime factors of 272654?
2, 136327
What are the prime factors of 8140911?
3, 19, 7517
List the prime factors of 282712.
2, 35339
What are the prime factors of 244922?
2, 151, 811
What are the prime factors of 229037?
229037
What are the prime factors of 539395?
5, 233, 463
List the prime factors of 55907.
37, 1511
What are the prime factors of 2821776?
2, 3, 58787
What are the prime factors of 1972308?
2, 3, 13, 47, 269
List the prime factors of 32566198.
2, 7, 97, 23981
What are the prime factors of 426691?
426691
What are the prime factors of 241947?
3, 29, 103
What are the prime factors of 18201393?
3, 7, 149, 277
List the prime factors of 1060537.
409, 2593
What are the prime factors of 30207710?
2, 5, 13, 232367
List the prime factors of 53934.
2, 3, 89, 101
What are the prime factors of 136136?
2, 7, 11, 13, 17
What are the prime factors of 312119?
107, 2917
What are the prime factors of 3488147?
13, 251, 1069
List the prime factors of 162779.
162779
What are the prime factors of 925046?
2, 631, 733
What are the prime factors of 512463?
3, 7, 23, 1061
List the prime factors of 194154.
2, 3, 32359
List the prime factors of 6899253.
3, 107, 21493
What are the prime factors of 217374?
2, 3, 36229
List the prime factors of 17637306.
2, 3, 263, 11177
What are the prime factors of 2307993?
3, 173, 4447
List the prime factors of 489284.
2, 122321
What are the prime factors of 190195?
5, 38039
What are the prime factors of 28119463?
43, 653941
What are the prime factors of 28401095?
5, 797, 7127
List the prime factors of 5410974.
2, 3, 101, 8929
What are the prime factors of 8173769?
8173769
List the prime factors of 21065599.
21065599
List the prime factors of 5494276.
2, 1091, 1259
List the prime factors of 15957867.
3, 5319289
List the prime factors of 772817.
137, 5641
List the prime factors of 3860334.
2, 3, 214463
What are the prime factors of 35806546?
2, 907, 19739
What are the prime factors of 4805945?
5, 961189
List the prime factors of 1720950.
2, 3, 5, 7, 11, 149
List the prime factors of 251399.
59, 4261
What are the prime factors of 156789?
3, 5807
What are the prime factors of 3399838?
2, 13, 43, 3041
List the prime factors of 129360.
2, 3